3)/(-9)) a prime number?
True
Let t = -515 + 377. Is -254*t/(-24)*-2 a prime number?
False
Let g = 19638 + -10936. Let c = 12853 - g. Is c a composite number?
True
Let b(u) = u**3 + 18*u**2 + 45*u - 12. Let m be b(-15). Is (1122 - 14)*(0 + (-33)/m) composite?
True
Suppose -5*j + 16 = 6, 0 = 5*f - 4*j - 12. Suppose f*i + 5*k = 17, -2*i + 1 = -i - 2*k. Suppose i*b - 2554 + 517 = 0. Is b prime?
False
Suppose 10*t - 2231891 + 455161 = 0. Is t prime?
False
Let a(t) = -137*t**3 - 38*t**2 - 4*t + 2. Is a(-9) a prime number?
False
Suppose -3*f + 187382 = 5*v, 0 = -f + 5*v + 34922 + 27532. Is f composite?
False
Is 3*(-14)/((-210)/149665) prime?
False
Let x(r) = 1856*r + 31. Let g be x(5). Let q = -5941 + g. Let p = -911 + q. Is p composite?
False
Suppose -115*c + 15 = -120*c, -306479 = -4*o + c. Is o a composite number?
True
Let k be 16/(-6)*198/12. Let p be 0 + 11/(k/(-4440)) + -3. Suppose p = 3*q + 2*u, -u + 3*u - 736 = -2*q. Is q a prime number?
False
Let v = 143 + -399. Let i = 1527 + v. Is i a composite number?
True
Let h(u) = u**3 - 16*u**2 + 15*u. Let t be h(15). Suppose -5*l = -0*l - t*l. Suppose -2*v - b - 4*b + 354 = l, -v = 3*b - 175. Is v a prime number?
False
Let v = 29005 + 81034. Is v composite?
False
Let n(r) = -10*r**3 + 152*r**2 + 209*r + 14. Let q(t) = 2*t**3 - 30*t**2 - 42*t - 3. Let o(z) = 2*n(z) + 11*q(z). Is o(19) a prime number?
True
Let i be (101/(-2))/((-8)/2752*-2). Let g = i - -17025. Is g a prime number?
False
Suppose 1 = y + 4*c, 5*y - 2*c + 48 = 3*y. Let x(w) = 11*w**2 - 15*w - 73. Is x(y) composite?
True
Let t(l) = 271*l**2 + 39*l - 89. Is t(-21) composite?
False
Let w = -1914 - -3485. Is w prime?
True
Let p be ((-21)/84)/((-1)/4). Suppose 0 = -j + 5 - p. Suppose -g = j*x - 454, -x + 450 = g + x. Is g prime?
False
Is (24738072/18 - 5/(-3)) + (-4)/(-2) a prime number?
True
Suppose -r + 4*w = -49673, -9*w + 5*w = -4*r + 198764. Is r prime?
True
Let z be 524/(-8)*10188/(-9). Suppose -2*s - 59659 = -3*g, 3*g - 4*s - z = -14495. Is g a prime number?
True
Suppose -v = -2*o + 3*o - 4681, -5*v = 4*o - 23404. Let f = v - 7971. Let i = 4768 + f. Is i a prime number?
False
Suppose 3*c + 71*g = 66*g + 1040522, 20 = -4*g. Is c composite?
False
Let f be 657755*(-3 + 6 + -2). Suppose f = 48*b - 396085. Is b prime?
False
Let l = 415 - 159. Let a = 635 - l. Is a a prime number?
True
Let j be 75/20 + 6/24. Is 5 - ((-34568)/j + -4) composite?
True
Let m = -20019 + 52110. Let d = m - -14242. Is d composite?
True
Let f(a) = a**2 - 23*a + 44. Let y be f(21). Suppose -14600 = -2*n + 2*x, 4*n + 0*n - 29190 = y*x. Is n a prime number?
False
Is 35/((-1225)/876596)*5/(-2) composite?
True
Suppose -3*s = 12, 2662 + 1635 = -3*n - 4*s. Let g = -419 - n. Let h = g - 217. Is h prime?
False
Let y = -377 + 380. Let v be 3*6*(-232)/3. Is v/(-4) + -4 - y a composite number?
True
Suppose -3*n - 6 = 2*y - 6*y, 0 = -2*n - 3*y + 13. Suppose -k - 1 = -n*k. Is (204/6)/((-171)/177 + k) prime?
False
Suppose 5*b = -5*a + 3*a + 339933, -2*b = -3*a - 135958. Is b a prime number?
False
Let l = 8 + -15. Let i(y) = 3*y**3 + 3*y**2 + 3*y + 16. Let h(u) = u**3 + u**2 + 3*u + 16. Let v(s) = 5*h(s) - 4*i(s). Is v(l) a prime number?
True
Let a(s) = -37*s**2 + 9*s - 1. Let i be a(4). Let b = i + 911. Let n = b + 99. Is n a prime number?
False
Let o(z) = -1497*z - 2350. Is o(-23) composite?
True
Let z be 62/12 + 1/6*-1. Suppose 76 = z*u - 3*n + 732, 3*n = -5*u - 674. Is 14/u - 4395/(-57) composite?
True
Let f = 1184 + 19082. Suppose -14*u + f = 5118. Is u prime?
False
Let p be ((-26)/(-52))/(1 - (-2)/(-4)). Let u(d) = 5*d - 3. Let f be u(p). Suppose 2*h - f*n = 672, 6*h - 1389 = 2*h - 5*n. Is h composite?
True
Let a(n) = -2029*n + 74299. Is a(0) composite?
True
Suppose 0 = 4*w - 12, 3*d - 209220 + 5829 = -4*w. Is d composite?
True
Let u(k) = 14507*k + 1505. Is u(6) prime?
True
Let a(p) = p**2 - 17*p + 18. Let y be a(16). Suppose y*l + 2850 - 6728 = 0. Let i = 3470 - l. Is i a composite number?
False
Let q(p) be the first derivative of p**4/4 - 6*p**3 + 17*p**2/2 + 20*p - 11. Let s be q(17). Let l = s - 1. Is l composite?
False
Let u(m) = -221*m + 7. Let x be (-919)/(-8) + 0 - 36/(-288). Let l = x - 133. Is u(l) a composite number?
True
Let r(u) = 19245*u + 37. Is r(4) a prime number?
True
Suppose d + d - 647 = 3*x, -d = 3*x - 319. Suppose 1012 - d = 6*v. Is v a prime number?
False
Let s = -10267 - -286080. Is s a prime number?
True
Let x(j) be the third derivative of j**5/60 + 11*j**4/24 + 11*j**3/3 + 3*j**2 + 4. Let w be x(-24). Is (-24)/36*6/(-4) + w a prime number?
False
Let b = 5464 + -9396. Let c = -2419 - b. Is c a prime number?
False
Let o(v) = 16*v - 108. Let k be o(7). Suppose 0 = -i - k*s + 425, -i + 2*i + 5*s - 427 = 0. Is i composite?
True
Suppose 0 = -3*d + 2*n - 6256, 3*n + 6242 = -3*d - 2*n. Let z(w) = 1064*w + 11. Let l be z(3). Let o = l + d. Is o composite?
True
Let f(o) = 643*o**3 - 54*o**2 - 2*o + 99. Is f(10) a prime number?
False
Suppose -24747 - 5679 = 3*u. Let c = -5945 - u. Is c a prime number?
False
Let f be ((-1)/3)/(-1) - 1180928/(-48). Suppose -k - 4*t + 8201 = 0, 2*k - 5*k = -3*t - f. Is k prime?
False
Let m(q) = 3*q**2 + 23*q + 35. Let i(b) be the second derivative of -5*b**4/12 - 11*b**3/6 - 3*b**2/2 - 16*b. Let o be i(-3). Is m(o) a prime number?
False
Suppose -36 = 4*f - 4*h, -3*h = 3*f - 9 + 6. Let p(j) = -5303*j + 57. Is p(f) a prime number?
True
Let n = 612 + -2149. Let t = n - -11280. Is t a prime number?
True
Suppose 3*m + 5*g - 90 + 7985 = 0, -g + 10565 = -4*m. Let l = m + 5945. Suppose -n - 2*x + l = 0, -3*n + x = -0*x - 9880. Is n prime?
False
Suppose o - 3*o = 6. Let d be (o/1 + 8/3)*-9. Suppose -726 = -2*q - 4*l, -d*l - 213 = 2*q - 937. Is q a prime number?
True
Let y = -13519 + 25392. Is y a composite number?
True
Suppose 6*c + 19*c = 51*c - 4894058. Is c a composite number?
True
Let c be -17 + (6/8)/(5/20). Let l be 12/(-8)*c*1/3. Suppose -l*u + 718 = -5*u. Is u prime?
True
Let j(f) = f**3 + 9*f**2 - 2*f - 15. Let u(i) = i**3 + 9*i**2 - i - 14. Let d(v) = -3*j(v) + 2*u(v). Let g be d(-7). Let q = 672 - g. Is q prime?
False
Let y(o) = 143*o**2 + o + 7. Let p(t) = t**2 + t. Let f(q) = -2*p(q) + y(q). Is f(-2) prime?
False
Let u = 50699 - -13248. Is u composite?
True
Let r = 1476 + -662. Let q = 6 - 3. Is r*((-6)/(-4))/q a prime number?
False
Let s = -128581 - -259640. Is s a composite number?
False
Suppose 4*q + f - 89946 = 116187, -2*q - 5*f = -103071. Is q a composite number?
True
Let y = -19791 + 109138. Is y prime?
False
Suppose 908*x - 921*x + 140959 = 0. Is x prime?
False
Let v = 365 + -160. Let z = 5211 - v. Suppose -3*o = 4*n - z - 9979, -2 = 2*o. Is n a composite number?
True
Suppose -6*c - 37160 = -123962. Suppose c = 16*a - 5709. Is a a composite number?
True
Let b be 0 - 0 - -12*695/(-10). Let v = b + 43435. Suppose -8*s + 14959 + v = 0. Is s a composite number?
True
Let k(h) = 17*h**2 - 14*h + 2. Let w(b) = b**2 - b - 18. Let o(r) = -5*r**2 + 4*r + 92. Let t(g) = 2*o(g) + 11*w(g). Let i be t(6). Is k(i) composite?
True
Suppose 143*k - 23239166 = 17891781. Is k prime?
True
Let l(u) = 91*u**2 + 2*u + 16. Let b = -132 - -123. Is l(b) prime?
True
Suppose 0 = n - 9*o + 5*o - 25, -4*n - 5*o + 79 = 0. Suppose -4*a + 59 = -n. Suppose a*p = 23*p - 747. Is p composite?
True
Suppose 9*p - 4993 = 12287. Suppose p + 9380 = 4*t. Suppose -157*s + 152*s + t = 0. Is s a composite number?
True
Suppose p + 5*p = 18. Suppose -p*s - 2*k + 61 = 0, -4*k - 3 = 1. Suppose s*a + 2348 = 25*a. Is a prime?
True
Let m = 734 + -744. Suppose 0 = y - 0*y - 10. Is m/(-25) - (-6126)/y prime?
True
Let f(b) = 2782*b**2 + 11*b + 127. Is f(7) composite?
True
Is (-499864)/12*93/(-62) a prime number?
True
Suppose -2*j = 5*v - 32683 - 2891, -2*v + 14238 = 5*j. Suppose 10*l = 12*l - v. Is l a composite number?
False
Is 11 - (85/2)/(18/(-243936)) a composite number?
True
Let q(u) = 3*u + 31. Suppose -4*z + 14 = -14. Suppose -5*r + r = 20, -4*r = -3*y - z. Is q(y) a composite number?
True
Let d = -81 - -99. Let i be 1 - (d/12 - 2/(-4)). Is (i - -2)/(-4)*(6 - 9562) a prime number?
True
Let a(c) = -c**2 - 9*c + 7. Let u be a(-8). Suppose 2*n - 30 = -2*o, n + 2*n = 3*o - u. Suppose 6*r + 172 = o*r. Is r prime?
True
Let o(m) = 4*m**3 - m**2 - 9*m - 43. Suppose -5*v